 9240872.
122
Calculate the remainder when 153619 is divided by 2438.
25
Calculate the remainder when 645456 is divided by 111.
102
What is the remainder when 26236 is divided by 8099?
1939
Calculate the remainder when 185775 is divided by 36495.
3300
Calculate the remainder when 221874 is divided by 221350.
524
Calculate the remainder when 22418137 is divided by 97.
79
What is the remainder when 2909288 is divided by 6394?
18
Calculate the remainder when 9476117 is divided by 3046.
11
What is the remainder when 28207 is divided by 3652?
2643
Calculate the remainder when 2035521 is divided by 11632.
11553
What is the remainder when 17531235 is divided by 1250?
1235
Calculate the remainder when 3459828 is divided by 96.
84
Calculate the remainder when 1469430 is divided by 474.
30
What is the remainder when 5445880 is divided by 1468?
1068
What is the remainder when 672410236 is divided by 145?
141
What is the remainder when 5068526 is divided by 88?
78
What is the remainder when 1300393 is divided by 16665?
523
What is the remainder when 46903931 is divided by 7?
4
Calculate the remainder when 4644646 is divided by 1276.
6
Calculate the remainder when 4316131 is divided by 929.
926
Calculate the remainder when 675079180 is divided by 1302.
1294
Calculate the remainder when 8004197 is divided by 1600833.
32
What is the remainder when 4921 is divided by 4437?
484
Calculate the remainder when 19971943 is divided by 4992957.
115
What is the remainder when 193648 is divided by 507?
481
What is the remainder when 50134327 is divided by 1228?
1227
Calculate the remainder when 30782420 is divided by 200.
20
Calculate the remainder when 42629 is divided by 2577.
1397
What is the remainder when 392027 is divided by 15556?
3127
Calculate the remainder when 40842692 is divided by 1769.
20
What is the remainder when 105935702 is divided by 1784?
1782
What is the remainder when 47178 is divided by 8766?
3348
What is the remainder when 805204 is divided by 98?
36
Calculate the remainder when 1305766 is divided by 849.
4
Calculate the remainder when 158214 is divided by 154155.
4059
Calculate the remainder when 17865 is divided by 2533.
134
What is the remainder when 240962 is divided by 2277?
1877
Calculate the remainder when 15774 is divided by 4033.
3675
What is the remainder when 44340064 is divided by 11085010?
24
What is the remainder when 3800044 is divided by 24?
4
Calculate the remainder when 110411 is divided by 584.
35
Calculate the remainder when 3928374 is divided by 6928.
198
What is the remainder when 1000660 is divided by 58?
44
Calculate the remainder when 1211171 is divided by 28819.
773
Calculate the remainder when 2285709 is divided by 28.
13
Calculate the remainder when 278829 is divided by 46439.
195
What is the remainder when 1413886 is divided by 32128?
254
What is the remainder when 404257 is divided by 67?
46
Calculate the remainder when 279017 is divided by 993.
977
What is the remainder when 1943847 is divided by 11236?
19
Calculate the remainder when 4348209 is divided by 2872.
1
What is the remainder when 257560 is divided by 51494?
90
Calculate the remainder when 1233155 is divided by 154132.
99
Calculate the remainder when 1118821 is divided by 1537.
1422
Calculate the remainder when 14732170 is divided by 30692.
10
Calculate the remainder when 1145169 is divided by 6009.
3459
Calculate the remainder when 5591343 is divided by 24.
15
What is the remainder when 49597738 is divided by 3294?
3274
Calculate the remainder when 1255072 is divided by 1630.
1602
What is the remainder when 1137879 is divided by 262?
13
What is the remainder when 57307080 is divided by 1989?
12
What is the remainder when 974568 is divided by 4389?
210
Calculate the remainder when 2820233 is divided by 3961.
1
Calculate the remainder when 4972855 is divided by 1013.
38
What is the remainder when 600197 is divided by 4?
1
Calculate the remainder when 17502469 is divided by 22.
17
Calculate the remainder when 334103 is divided by 83502.
95
What is the remainder when 67403 is divided by 369?
245
Calculate the remainder when 1432267 is divided by 1685.
17
Calculate the remainder when 48770 is divided by 23210.
2350
Calculate the remainder when 36517 is divided by 6800.
2517
What is the remainder when 3078002 is divided by 69?
50
Calculate the remainder when 309 is divided by 262.
47
What is the remainder when 393763 is divided by 129935?
3958
What is the remainder when 12056 is divided by 258?
188
What is the remainder when 4219654 is divided by 10549?
54
What is the remainder when 863717 is divided by 287402?
1511
Calculate the remainder when 270199408 is divided by 1943.
1942
Calculate the remainder when 29133238 is divided by 1618509.
76
What is the remainder when 245634 is divided by 122008?
1618
What is the remainder when 16974 is divided by 1057?
62
Calculate the remainder when 20382461 is divided by 52397.
28
What is the remainder when 95467 is divided by 3526?
265
Calculate the remainder when 2860538 is divided by 2860528.
10
What is the remainder when 103460 is divided by 1134?
266
Calculate the remainder when 195553 is divided by 97568.
417
What is the remainder when 2369949 is divided by 1184834?
281
Calculate the remainder when 890435 is divided by 43.
34
Calculate the remainder when 233803 is divided by 1218.
1165
Calculate the remainder when 2314278 is divided by 1157138.
2
Calculate the remainder when 2588426 is divided by 746.
552
Calculate the remainder when 6132 is divided by 424.
196
Calculate the remainder when 840849 is divided by 14.
9
What is the remainder when 173363 is divided by 932?
11
Calculate the remainder when 3455518 is divided by 47.
31
Calculate the remainder when 18670110 is divided by 68388.
186
What is the remainder when 18531448 is divided by 1829?
20
What is the remainder when 1800505 is divided by 125?
5
Calculate the remainder when 4636716 is divided by 57.
51
What is the remainder when 397128401 is divided by 2631?
2630
What is the remainder when 452795 is divided by 56?
35
What is the remainder when 7838835 is divided by 1162?
1145
Calculate the remainder when 5606009 is divided by 88.
57
Calculate the remainder when 1023764 is divided by 2479.
2416
What is the remainder when 78924 is divided by 5633?
62
What is the remainder when 43561 is divided by 2521?
704
What is the remainder when 490202 is divided by 23342?
20
Calculate the remainder when 4873416 is divided by 22.
20
What is the remainder when 64281 is divided by 3791?
3625
What is the remainder when 76706462 is divided by 32?
30
What is the remainder when 7119882 is divided by 818?
10
What is the remainder when 349825 is divided by 305?
295
Calculate the remainder when 822180 is divided by 35.
30
What is the remainder when 188419118 is divided by 4?
2
What is the remainder when 46256 is divided by 4864?
2480
Calculate the remainder when 3466845 is divided by 168.
165
Calculate the remainder when 188109 is divided by 423.
297
What is the remainder when 32135184 is divided by 7?
4
What is the remainder when 1318596 is divided by 329647?
8
What is the remainder when 19086165 is divided by 3817232?
5
What is the remainder when 3895004 is divided by 32?
28
Calculate the remainder when 345630 is divided by 345619.
11
What is the remainder when 364310818 is divided by 180?
178
Calculate the remainder when 17014548 is divided by 6776.
12
What is the remainder when 7037161 is divided by 3518577?
7
Calculate the remainder when 129848 is divided by 15.
8
What is the remainder when 1674256 is divided by 44059?
14
What is the remainder when 350356425 is divided by 2318?
2315
Calculate the remainder when 30419080 is divided by 382.
38
What is the remainder when 1370407 is divided by 274079?
12
What is the remainder when 28284258 is divided by 14557?
7
Calculate the remainder when 28835260 is divided by 73.
41
What is the remainder when 1740064 is divided by 12429?
4
What is the remainder when 2548986 is divided by 55?
11
What is the remainder when 151132 is divided by 75482?
168
What is the remainder when 6466862 is divided by 74?
2
Calculate the remainder when 1433580 is divided by 288.
204
What is the remainder when 2072067 is divided by 18?
15
What is the remainder